{"id":4007,"date":"2025-03-01T11:52:03","date_gmt":"2025-03-01T16:52:03","guid":{"rendered":"https:\/\/mistorecolombia.com\/inicio\/?post_type=product&#038;p=4007"},"modified":"2025-06-26T17:37:35","modified_gmt":"2025-06-26T22:37:35","slug":"redmi-note-14","status":"publish","type":"product","link":"https:\/\/mistorecolombia.com\/inicio\/producto\/redmi-note-14\/","title":{"rendered":"Redmi Note 14"},"content":{"rendered":"<h2><strong><span class=\"xm-text split_text6200 f-regular\" data-key=\"ksp_1\" data-type=\"text\" data-id=\"r938ncgj2r\">FOTOS ICONICAS CREADAS CON AI<br \/>\nC\u00e1mara AI de 200MP <\/span><span class=\"xm-text split_text6199 f-regular\" data-key=\"ksp_2\" data-type=\"text\" data-id=\"013sufz0vz\">Durabilidad confiable<\/span><\/strong><\/h2>\n","protected":false},"excerpt":{"rendered":"<ul class=\"ui-vpp-highlighted-specs__features-list\">\n<li class=\"ui-vpp-highlighted-specs__features-list-item ui-pdp-color--BLACK ui-pdp-size--XSMALL ui-pdp-family--REGULAR\" style=\"text-align: left;\">Dispositivo desbloqueado para que elijas la compa\u00f1\u00eda telef\u00f3nica que prefieras.<\/li>\n<li class=\"ui-vpp-highlighted-specs__features-list-item ui-pdp-color--BLACK ui-pdp-size--XSMALL ui-pdp-family--REGULAR\">Pantalla AMOLED de 6.67\u00bb+ a 120Hz<\/li>\n<li class=\"ui-vpp-highlighted-specs__features-list-item ui-pdp-color--BLACK ui-pdp-size--XSMALL ui-pdp-family--REGULAR\">C\u00e1mara Principal de 108 Mpx<\/li>\n<li class=\"ui-vpp-highlighted-specs__features-list-item ui-pdp-color--BLACK ui-pdp-size--XSMALL ui-pdp-family--REGULAR\">C\u00e1mara delantera de 20Mpx.<\/li>\n<li class=\"ui-vpp-highlighted-specs__features-list-item ui-pdp-color--BLACK ui-pdp-size--XSMALL ui-pdp-family--REGULAR\">Procesador MediaTek Helio G99-Ultra<\/li>\n<li class=\"ui-vpp-highlighted-specs__features-list-item ui-pdp-color--BLACK ui-pdp-size--XSMALL ui-pdp-family--REGULAR\">RAM 6GB &#8211; 8GB<\/li>\n<li class=\"ui-vpp-highlighted-specs__features-list-item ui-pdp-color--BLACK ui-pdp-size--XSMALL ui-pdp-family--REGULAR\">Bater\u00eda de 5500 mAh con carga r\u00e1pida de 33W<\/li>\n<li class=\"ui-vpp-highlighted-specs__features-list-item ui-pdp-color--BLACK ui-pdp-size--XSMALL ui-pdp-family--REGULAR\">Memoria interna de 128GB &#8211; 256GB<\/li>\n<li class=\"ui-vpp-highlighted-specs__features-list-item ui-pdp-color--BLACK ui-pdp-size--XSMALL ui-pdp-family--REGULAR\">Con reconocimiento facial y sensor de huella dactilar en pantalla<\/li>\n<\/ul>\n","protected":false},"featured_media":4011,"template":"","meta":{"_et_pb_use_builder":"","_et_pb_old_content":"","_et_gb_content_width":"","_exactmetrics_skip_tracking":false,"_exactmetrics_sitenote_active":false,"_exactmetrics_sitenote_note":"","_exactmetrics_sitenote_category":0,"_joinchat":{"telephone":"+573186395987","message_send":"Hola buenas, me interesa la promoci\u00f3n del Redmi Note 14\n*Mi nombre es:*\n*Vivo en:*"}},"product_brand":[],"product_cat":[17],"product_tag":[],"class_list":{"0":"post-4007","1":"product","2":"type-product","3":"status-publish","4":"has-post-thumbnail","6":"product_cat-smartphones","7":"pa_bateria-5500mah","8":"pa_carga-rapida-si-33w","9":"pa_color-azul-oceano","10":"pa_color-negro","11":"pa_color-verde","12":"pa_escaner-de-iris-no","13":"pa_flash-fontal-no","14":"pa_lector-de-huella-si","15":"pa_memoria-interna-rom-128-gb","16":"pa_memoria-interna-rom-256-gb","17":"pa_memoria-ram-6-gb","18":"pa_memoria-ram-8-gb","19":"pa_memoria-sd-si","20":"pa_numero-de-sim-card-dos-2-sim-card","21":"pa_procesador-mediatek-helio-g99-ultra","22":"pa_resistencia-al-agua-no","23":"pa_resolucion-camara-frontal-20-mp","24":"pa_resolucion-camara-trasera-108mp","25":"pa_sistema-operativo-xiaomi-hyperos","26":"pa_tamano-de-pantalla-6-67","27":"pa_tipo-de-camara-trasera-doble","28":"pa_tipo-de-pantalla-amoled-120-hz","30":"first","31":"instock","32":"sale","33":"shipping-taxable","34":"purchasable","35":"product-type-variable"},"jetpack_sharing_enabled":true,"_links":{"self":[{"href":"https:\/\/mistorecolombia.com\/inicio\/wp-json\/wp\/v2\/product\/4007","targetHints":{"allow":["GET"]}}],"collection":[{"href":"https:\/\/mistorecolombia.com\/inicio\/wp-json\/wp\/v2\/product"}],"about":[{"href":"https:\/\/mistorecolombia.com\/inicio\/wp-json\/wp\/v2\/types\/product"}],"wp:featuredmedia":[{"embeddable":true,"href":"https:\/\/mistorecolombia.com\/inicio\/wp-json\/wp\/v2\/media\/4011"}],"wp:attachment":[{"href":"https:\/\/mistorecolombia.com\/inicio\/wp-json\/wp\/v2\/media?parent=4007"}],"wp:term":[{"taxonomy":"product_brand","embeddable":true,"href":"https:\/\/mistorecolombia.com\/inicio\/wp-json\/wp\/v2\/product_brand?post=4007"},{"taxonomy":"product_cat","embeddable":true,"href":"https:\/\/mistorecolombia.com\/inicio\/wp-json\/wp\/v2\/product_cat?post=4007"},{"taxonomy":"product_tag","embeddable":true,"href":"https:\/\/mistorecolombia.com\/inicio\/wp-json\/wp\/v2\/product_tag?post=4007"}],"curies":[{"name":"wp","href":"https:\/\/api.w.org\/{rel}","templated":true}]}}