{"id":3986,"date":"2025-02-24T09:20:49","date_gmt":"2025-02-24T14:20:49","guid":{"rendered":"https:\/\/mistorecolombia.com\/inicio\/?post_type=product&#038;p=3986"},"modified":"2025-06-26T17:43:22","modified_gmt":"2025-06-26T22:43:22","slug":"redmi-note-14-pro","status":"publish","type":"product","link":"https:\/\/mistorecolombia.com\/inicio\/producto\/redmi-note-14-pro\/","title":{"rendered":"Redmi Note 14 PRO 4G"},"content":{"rendered":"<h2><strong><span class=\"xm-text split_text6200 f-regular\" data-key=\"ksp_1\" data-type=\"text\" data-id=\"r938ncgj2r\">FOTOS ICONICAS CREADAS CON AI<br \/>\nC\u00e1mara AI de 200MP <\/span><span class=\"xm-text split_text6199 f-regular\" data-key=\"ksp_2\" data-type=\"text\" data-id=\"013sufz0vz\">Durabilidad confiable<\/span><\/strong><\/h2>\n","protected":false},"excerpt":{"rendered":"<ul class=\"ui-vpp-highlighted-specs__features-list\">\n<li class=\"ui-vpp-highlighted-specs__features-list-item ui-pdp-color--BLACK ui-pdp-size--XSMALL ui-pdp-family--REGULAR\" style=\"text-align: left;\">Dispositivo desbloqueado para que elijas la compa\u00f1\u00eda telef\u00f3nica que prefieras.<\/li>\n<li class=\"ui-vpp-highlighted-specs__features-list-item ui-pdp-color--BLACK ui-pdp-size--XSMALL ui-pdp-family--REGULAR\">Pantalla AMOLED de 6.67\u00bb+ a 120Hz<\/li>\n<li class=\"ui-vpp-highlighted-specs__features-list-item ui-pdp-color--BLACK ui-pdp-size--XSMALL ui-pdp-family--REGULAR\">C\u00e1mara Principal de 200 Mpx<\/li>\n<li class=\"ui-vpp-highlighted-specs__features-list-item ui-pdp-color--BLACK ui-pdp-size--XSMALL ui-pdp-family--REGULAR\">C\u00e1mara delantera de 32Mpx.<\/li>\n<li class=\"ui-vpp-highlighted-specs__features-list-item ui-pdp-color--BLACK ui-pdp-size--XSMALL ui-pdp-family--REGULAR\">Procesador MediaTek Helio G100-Ultra<\/li>\n<li class=\"ui-vpp-highlighted-specs__features-list-item ui-pdp-color--BLACK ui-pdp-size--XSMALL ui-pdp-family--REGULAR\">RAM 8GB<\/li>\n<li class=\"ui-vpp-highlighted-specs__features-list-item ui-pdp-color--BLACK ui-pdp-size--XSMALL ui-pdp-family--REGULAR\">Bater\u00eda de 5500 mAh con carga r\u00e1pida de 45W<\/li>\n<li class=\"ui-vpp-highlighted-specs__features-list-item ui-pdp-color--BLACK ui-pdp-size--XSMALL ui-pdp-family--REGULAR\">Memoria interna de 256GB<\/li>\n<li class=\"ui-vpp-highlighted-specs__features-list-item ui-pdp-color--BLACK ui-pdp-size--XSMALL ui-pdp-family--REGULAR\">Con reconocimiento facial y sensor de huella dactilar en pantalla<\/li>\n<\/ul>\n","protected":false},"featured_media":4006,"template":"","meta":{"_et_pb_use_builder":"","_et_pb_old_content":"","_et_gb_content_width":"","_exactmetrics_skip_tracking":false,"_exactmetrics_sitenote_active":false,"_exactmetrics_sitenote_note":"","_exactmetrics_sitenote_category":0,"_joinchat":{"telephone":"+573186395987","message_send":"Hola buenas, me interesa la promoci\u00f3n del Redmi Note 14 PRO\n*Mi nombre es:*\n*Vivo en:*"}},"product_brand":[],"product_cat":[17],"product_tag":[],"class_list":{"0":"post-3986","1":"product","2":"type-product","3":"status-publish","4":"has-post-thumbnail","6":"product_cat-smartphones","7":"pa_bateria-5500mah","8":"pa_carga-rapida-45w","9":"pa_carga-rapida-si","10":"pa_color-azul-oceano","11":"pa_color-morado-aurora","12":"pa_color-negro","13":"pa_escaner-de-iris-no","14":"pa_flash-fontal-no","15":"pa_lector-de-huella-si","16":"pa_memoria-interna-rom-256-gb","17":"pa_memoria-ram-8-gb","18":"pa_memoria-sd-si","19":"pa_numero-de-sim-card-dos-2-sim-card","20":"pa_procesador-mediatek-helio-g100-ultra","21":"pa_resistencia-al-agua-no","22":"pa_resolucion-camara-frontal-32-mp","23":"pa_resolucion-camara-trasera-200-mp","24":"pa_sistema-operativo-xiaomi-hyperos","25":"pa_tamano-de-pantalla-6-67","26":"pa_tipo-de-camara-trasera-triple","27":"pa_tipo-de-pantalla-amoled-120-hz","29":"first","30":"instock","31":"sale","32":"shipping-taxable","33":"purchasable","34":"product-type-variable"},"jetpack_sharing_enabled":true,"_links":{"self":[{"href":"https:\/\/mistorecolombia.com\/inicio\/wp-json\/wp\/v2\/product\/3986","targetHints":{"allow":["GET"]}}],"collection":[{"href":"https:\/\/mistorecolombia.com\/inicio\/wp-json\/wp\/v2\/product"}],"about":[{"href":"https:\/\/mistorecolombia.com\/inicio\/wp-json\/wp\/v2\/types\/product"}],"wp:featuredmedia":[{"embeddable":true,"href":"https:\/\/mistorecolombia.com\/inicio\/wp-json\/wp\/v2\/media\/4006"}],"wp:attachment":[{"href":"https:\/\/mistorecolombia.com\/inicio\/wp-json\/wp\/v2\/media?parent=3986"}],"wp:term":[{"taxonomy":"product_brand","embeddable":true,"href":"https:\/\/mistorecolombia.com\/inicio\/wp-json\/wp\/v2\/product_brand?post=3986"},{"taxonomy":"product_cat","embeddable":true,"href":"https:\/\/mistorecolombia.com\/inicio\/wp-json\/wp\/v2\/product_cat?post=3986"},{"taxonomy":"product_tag","embeddable":true,"href":"https:\/\/mistorecolombia.com\/inicio\/wp-json\/wp\/v2\/product_tag?post=3986"}],"curies":[{"name":"wp","href":"https:\/\/api.w.org\/{rel}","templated":true}]}}